
{"id":17,"date":"2020-07-22T10:15:09","date_gmt":"2020-07-22T08:15:09","guid":{"rendered":"https:\/\/przedszkole47.edu.wroclaw.pl\/?page_id=17"},"modified":"2026-03-09T09:46:06","modified_gmt":"2026-03-09T08:46:06","slug":"strona-glowna","status":"publish","type":"page","link":"https:\/\/przedszkole47.edu.wroclaw.pl\/","title":{"rendered":"Strona g\u0142\u00f3wna"},"content":{"rendered":"<div class=\"wpb-content-wrapper\"><p>[vc_row][vc_column width=&#8221;1\/2&#8243;][vc_column_text css_animation=&#8221;none&#8221;]<\/p>\n<h3 style=\"text-align: left\"><strong><span style=\"color: #0e470b;font-size: 24px\">\u201eMa\u0142e Przedszkole du\u017cych szans na sukces ka\u017cdego Przedszkolaka\u201d<\/span><\/strong><\/h3>\n<p>[\/vc_column_text][vc_column_text css_animation=&#8221;none&#8221; css=&#8221;&#8221;]<span style=\"font-size: 12pt;font-family: georgia, palatino\"><strong><u>Przedszkole nr 47 &#8222;Le\u015bny Ludek&#8221;<\/u><\/strong> znajduje si\u0119 w wolnostoj\u0105cym,\u00a0dwupi\u0119trowym budynku willowym w dzielnicy \u015ar\u00f3dmie\u015bcie,\u00a0osiedle Zalesie &#8211; Zacisze &#8211; Szczytniki, w pobliskim s\u0105siedztwie Parku Szczytnickiego.<\/span><\/p>\n<p><span style=\"font-size: 12pt;font-family: georgia, palatino\">Nasze przedszkole jest plac\u00f3wk\u0105 trzy oddzia\u0142ow\u0105 oferuj\u0105c\u0105 63 miejsca dla dzieci.<\/span><\/p>\n<p><span style=\"font-size: 12pt;font-family: georgia, palatino\">Przedszkole otwarte jest w godzinach od 6:30 do 17:00.<\/span><\/p>\n<p><span style=\"font-size: 12pt;font-family: georgia, palatino\">Przestrze\u0144 wn\u0119trza budynku stwarza mo\u017cliwo\u015b\u0107 swobodnej zabawy oraz zapewnia miejsce do wyciszenia i relaksu.<\/span><\/p>\n<p><span style=\"font-size: 12pt;font-family: georgia, palatino\">Jasne kolorowe sale, dobrze wp\u0142ywaj\u0105 na samopoczucie dzieci, a najm\u0142odszym przedszkolakom u\u0142atwiaj\u0105 szybk\u0105 adaptacj\u0119 w nowym \u015brodowisku.<\/span><\/p>\n<p><span style=\"font-size: 12pt;font-family: georgia, palatino\">Jeste\u015bmy przedszkolem promuj\u0105cym zdrowe od\u017cywianie,\u00a0 serwowane przez nas posi\u0142ki s\u0105 r\u00f3\u017cnorodne, smaczne i zdrowe. Zapewniamy diet\u0119\u00a0 bogat\u0105 w sk\u0142adniki od\u017cywcze niezb\u0119dne\u00a0\u00a0do prawid\u0142owego funkcjonowania i rozwoju dziecka. St\u0105d te\u017c otrzymali\u015bmy\u00a0<strong>Z\u0142oty certyfikat zdrowego i racjonalnego \u017cywienia.<\/strong><\/span><\/p>\n<p><span style=\"font-size: 12pt;font-family: georgia, palatino\">Dum\u0105 przedszkola jest zdobycie certyfikat\u00f3w <strong><u>&#8222;Zdrowego przedszkolaka&#8221;<\/u><\/strong> w 2014 r. oraz <strong><u>&#8222;Zdrowa sto\u0142\u00f3wka&#8221;<\/u><\/strong> w 2015 r. b\u0119d\u0105cych zwie\u0144czeniem wielu podj\u0119tych przez nas dzia\u0142a\u0144.<\/span><\/p>\n<p><span style=\"font-size: 12pt;font-family: georgia, palatino\">Nieprzerwanie od 2020 roku otrzymujemy r\u00f3wnie\u017c <strong>Certyfikat promowania aktywno\u015bci fizycznej\u00a0<\/strong>przyznawany przez Ku\u017ani\u0119 zdrowych Nawyk\u00f3w przy Wydziale Zdrowia i Spraw Spo\u0142ecznych Urz\u0119du Miejskiego Wroc\u0142awia.<\/span><\/p>\n<p><span style=\"font-size: 12pt;font-family: georgia, palatino\"><span style=\"color: #444444\">W naszym przedszkolu ogromn\u0105 wag\u0119 przyk\u0142ada si\u0119 do rozwoju aktywno\u015bci fizycznej w\u015br\u00f3d dzieci. Codzienne zaj\u0119cia s\u0105 wzbogacane o elementy ruchu, bierzemy udzia\u0142 w projekcie \u201eEdukacja w ruchu\u201d, w codziennej pracy korzystamy z materia\u0142\u00f3w dost\u0119pnych na stronie Akademii Krokieta i Lamy. Dzieci oraz nauczyciele s\u0105 zaanga\u017cowani w r\u00f3\u017cnorodne przedsi\u0119wzi\u0119cia zwi\u0105zane ze sportem m.in. organizujemy Bieg Niepodleg\u0142o\u015bci w Parku Szczytnickim z okazji \u015awi\u0119ta Niepodleg\u0142o\u015bci 11 Listopada, <\/span><span style=\"color: #444444\">podczas kt\u00f3rego integrujemy si\u0119 z pobliskimi przedszkolami. Organizujemy Niebieskie Igrzyska gdzie \u0142\u0105czymy zabawy ruchowe z poczuciem wzajemnej akceptacji oraz tolerancji, z tej okazji zapraszamy dzieci ze Specjalnego O\u015brodka Szkolno-Wychowawczego nr 10 do wsp\u00f3lnej zabawy. Wewn\u0105trz przedszkola organizujemy takie imprezy portowe jak Move Week, Tydzie\u0144 Sportu, bierzemy tak\u017ce udzia\u0142 w Rowerowym Maju. Przedszkole jest wyposa\u017cone w r\u00f3\u017cnorodne pomoce niezb\u0119dne do prowadzenia atrakcyjnych i ciekawych zaj\u0119\u0107 sportowych. Posiadamy zestawy pi\u0142ek <\/span><span style=\"color: #444444\">miniEDU<\/span><span style=\"color: #444444\">ball<\/span><span style=\"color: #444444\">, kt\u00f3re wykorzystujemy w codziennej pracy z dzie\u0107mi. Nasza nauczycielka Marlena Gumpert jest <\/span><span style=\"color: #444444\">ambasadorem metody mini-EDUball dzi\u0119ki czemu <\/span><span style=\"color: #444444\">wspomniane narz\u0119dzie w postaci pi\u0142ek jest produktywnie wykorzystywane w plac\u00f3wce.<\/span><\/span><\/p>\n<p><span style=\"color: #444444;font-size: 12pt;font-family: georgia, palatino\">Przy przedszkolu znajduje si\u0119 plac zabaw, wyposa\u017cony w kolorowy sprz\u0119t do zabaw ruchowych.<\/span><\/p>\n<p><span style=\"color: #444444;font-size: 12pt;font-family: georgia, palatino\">W toku codziennej pracy realizujemy dwa program autorskie stworzone przez nasze nauczycielki:<\/span><\/p>\n<p><span style=\"color: #444444;font-size: 12pt;font-family: georgia, palatino\">&#8211; \u201eEkologia dla Le\u015bnych Ludk\u00f3w\u201d<\/span><\/p>\n<p><span style=\"color: #444444;font-size: 12pt;font-family: georgia, palatino\">\u201eW zdrowym ciele zdrowy zuch\u201d.<\/span><\/p>\n<p><span style=\"font-size: 12pt;font-family: georgia, palatino\">W 2025 r. nasze przedszkole otrzyma\u0142o Znak Jako\u015bci w I edycji konkursu rankingowego &#8222;Bezpieczne przedszkole &#8211; przyjazne miejsce&#8221; 2025<\/span><\/p>\n<p><span style=\"color: #444444;font-size: 12pt;font-family: georgia, palatino\">Nasze przedszkole zatrudnia specjalist\u00f3w takich jak logopeda, psycholog, pedagog specjalny, kt\u00f3rzy obserwuj\u0105 dzieci podczas zaj\u0119\u0107, prowadz\u0105 zaj\u0119cia indywidualne oraz grupowe, s\u0142u\u017c\u0105 zawsze pomoc\u0105 oraz rad\u0105 zar\u00f3wno nauczycielom jak i rodzicom.<\/span><\/p>\n<p><span style=\"font-family: georgia, palatino\"><strong>Dyrektor Przedszkola nr 47 &#8222;Le\u015bny Ludek&#8221;\u00a0\u00a0<\/strong><\/span><\/p>\n<p><span style=\"font-family: georgia, palatino\"><u>mgr Jowita Maziarz<\/u><\/span>[\/vc_column_text][\/vc_column][vc_column width=&#8221;1\/2&#8243;][vc_images_carousel images=&#8221;49,48&#8243; img_size=&#8221;600&#215;600&#8243;][vc_column_text css_animation=&#8221;none&#8221; css=&#8221;&#8221;]<\/p>\n<h3><strong><u>Kadra pedagogiczna Przedszkola nr 47 &#8222;Le\u015bny Ludek&#8221;<\/u><\/strong><\/h3>\n<ul>\n<li><strong><u>mgr Paulina Ochnik &#8211; Kisiel<\/u><u>\u00a0<\/u> &#8211; nauczyciel wychowania przedszkolnego<\/strong><\/li>\n<li><strong><u>Irena Jakimowicz <\/u>&#8211; nauczyciel wychowania przedszkolnego <\/strong><\/li>\n<li><strong><u>Beata Szczepaniak<\/u> &#8211; nauczyciel wychowania przedszkolnego<\/strong><\/li>\n<li><strong><u>mgr Marlena Gumpert<\/u> &#8211; nauczyciel wychowania przedszkolnego<\/strong><\/li>\n<li><span style=\"text-decoration: underline\"><strong>Karina Kacprzak &#8211; <\/strong><\/span><strong>nauczyciel wychowania przedszkolnego<\/strong><\/li>\n<li><span style=\"text-decoration: underline\"><strong>lic. Patrycja Lechwar Sypie\u0144 &#8211; <\/strong><\/span><strong>nauczyciel wychowania przedszkolnego<\/strong><\/li>\n<li><strong><span style=\"text-decoration: underline\">mgr Monika Pacholczyk<\/span> &#8211; nauczyciel wychowania przedszkolnego<\/strong><\/li>\n<li><strong><span style=\"text-decoration: underline\">mgr Patrycja Nied\u017awiecka<\/span> &#8211; logopeda<br \/>\n<\/strong><\/li>\n<li><strong><span style=\"text-decoration: underline\">mgr Gabriela Wojnarowska<\/span>\u00a0&#8211; psycholog<\/strong><\/li>\n<li><strong><span style=\"text-decoration: underline\">mgr Katarzyna Matysiak<\/span> &#8211; pedagog specjalny<\/strong><\/li>\n<\/ul>\n<p>[\/vc_column_text][\/vc_column][\/vc_row][vc_row][vc_column][vc_column_text css_animation=&#8221;none&#8221;]<\/p>\n<h2><strong><em>Nasze Przedszkole zapewnia ka\u017cdemu dziecku\u00a0<\/em><\/strong><strong><em>podmiotowe i indywidualne traktowanie,\u00a0<\/em><\/strong><strong><em>bezpieczny, radosny i wielostronny rozw\u00f3j. <\/em><\/strong><\/h2>\n<h2><strong><em>Nasze przedszkole daje dzieciom szans\u0119\u00a0<\/em><\/strong><strong><em>poznania i wyra\u017cania siebie\u00a0<\/em><\/strong><strong><em>poprzez okazje tw\u00f3rczego dzia\u0142ania\u00a0<\/em><\/strong><strong><em>i rozwijania w\u0142asnych mo\u017cliwo\u015bci .<\/em><\/strong><\/h2>\n<p>[\/vc_column_text][\/vc_column][\/vc_row]<\/p>\n<\/div>","protected":false},"excerpt":{"rendered":"<p>[vc_row][vc_column width=&#8221;1\/2&#8243;][vc_column_text css_animation=&#8221;none&#8221;] \u201eMa\u0142e Przedszkole du\u017cych szans na sukces ka\u017cdego Przedszkolaka\u201d [\/vc_column_text][vc_column_text css_animation=&#8221;none&#8221; css=&#8221;&#8221;]Przedszkole nr 47 &#8222;Le\u015bny Ludek&#8221; znajduje si\u0119 w wolnostoj\u0105cym,\u00a0dwupi\u0119trowym budynku willowym w dzielnicy \u015ar\u00f3dmie\u015bcie,\u00a0osiedle Zalesie &#8211; Zacisze [&hellip;]<\/p>\n","protected":false},"author":72,"featured_media":0,"parent":0,"menu_order":0,"comment_status":"closed","ping_status":"closed","template":"","meta":{"ngg_post_thumbnail":0,"footnotes":""},"class_list":["post-17","page","type-page","status-publish","hentry","clearfix"],"_links":{"self":[{"href":"https:\/\/przedszkole47.edu.wroclaw.pl\/index.php\/wp-json\/wp\/v2\/pages\/17","targetHints":{"allow":["GET"]}}],"collection":[{"href":"https:\/\/przedszkole47.edu.wroclaw.pl\/index.php\/wp-json\/wp\/v2\/pages"}],"about":[{"href":"https:\/\/przedszkole47.edu.wroclaw.pl\/index.php\/wp-json\/wp\/v2\/types\/page"}],"author":[{"embeddable":true,"href":"https:\/\/przedszkole47.edu.wroclaw.pl\/index.php\/wp-json\/wp\/v2\/users\/72"}],"replies":[{"embeddable":true,"href":"https:\/\/przedszkole47.edu.wroclaw.pl\/index.php\/wp-json\/wp\/v2\/comments?post=17"}],"version-history":[{"count":46,"href":"https:\/\/przedszkole47.edu.wroclaw.pl\/index.php\/wp-json\/wp\/v2\/pages\/17\/revisions"}],"predecessor-version":[{"id":17113,"href":"https:\/\/przedszkole47.edu.wroclaw.pl\/index.php\/wp-json\/wp\/v2\/pages\/17\/revisions\/17113"}],"wp:attachment":[{"href":"https:\/\/przedszkole47.edu.wroclaw.pl\/index.php\/wp-json\/wp\/v2\/media?parent=17"}],"curies":[{"name":"wp","href":"https:\/\/api.w.org\/{rel}","templated":true}]}}

Strona główna

<div class="wpb-content-wrapper"><p>[vc_row][vc_column width=&#8221;1/2&#8243;][vc_column_text css_animation=&#8221;none&#8221;]</p>
<h3 style="text-align: left"><strong><span style="color: #0e470b;font-size: 24px">„Małe Przedszkole dużych szans na sukces każdego Przedszkolaka”</span></strong></h3>
<p>[/vc_column_text][vc_column_text css_animation=&#8221;none&#8221; css=&#8221;&#8221;]<span style="font-size: 12pt;font-family: georgia, palatino"><strong><u>Przedszkole nr 47 &#8222;Leśny Ludek&#8221;</u></strong> znajduje się w wolnostojącym, dwupiętrowym budynku willowym w dzielnicy Śródmieście, osiedle Zalesie &#8211; Zacisze &#8211; Szczytniki, w pobliskim sąsiedztwie Parku Szczytnickiego.</span></p>
<p><span style="font-size: 12pt;font-family: georgia, palatino">Nasze przedszkole jest placówką trzy oddziałową oferującą 63 miejsca dla dzieci.</span></p>
<p><span style="font-size: 12pt;font-family: georgia, palatino">Przedszkole otwarte jest w godzinach od 6:30 do 17:00.</span></p>
<p><span style="font-size: 12pt;font-family: georgia, palatino">Przestrzeń wnętrza budynku stwarza możliwość swobodnej zabawy oraz zapewnia miejsce do wyciszenia i relaksu.</span></p>
<p><span style="font-size: 12pt;font-family: georgia, palatino">Jasne kolorowe sale, dobrze wpływają na samopoczucie dzieci, a najmłodszym przedszkolakom ułatwiają szybką adaptację w nowym środowisku.</span></p>
<p><span style="font-size: 12pt;font-family: georgia, palatino">Jesteśmy przedszkolem promującym zdrowe odżywianie,  serwowane przez nas posiłki są różnorodne, smaczne i zdrowe. Zapewniamy dietę  bogatą w składniki odżywcze niezbędne  do prawidłowego funkcjonowania i rozwoju dziecka. Stąd też otrzymaliśmy <strong>Złoty certyfikat zdrowego i racjonalnego żywienia.</strong></span></p>
<p><span style="font-size: 12pt;font-family: georgia, palatino">Dumą przedszkola jest zdobycie certyfikatów <strong><u>&#8222;Zdrowego przedszkolaka&#8221;</u></strong> w 2014 r. oraz <strong><u>&#8222;Zdrowa stołówka&#8221;</u></strong> w 2015 r. będących zwieńczeniem wielu podjętych przez nas działań.</span></p>
<p><span style="font-size: 12pt;font-family: georgia, palatino">Nieprzerwanie od 2020 roku otrzymujemy również <strong>Certyfikat promowania aktywności fizycznej </strong>przyznawany przez Kuźnię zdrowych Nawyków przy Wydziale Zdrowia i Spraw Społecznych Urzędu Miejskiego Wrocławia.</span></p>
<p><span style="font-size: 12pt;font-family: georgia, palatino"><span style="color: #444444">W naszym przedszkolu ogromną wagę przykłada się do rozwoju aktywności fizycznej wśród dzieci. Codzienne zajęcia są wzbogacane o elementy ruchu, bierzemy udział w projekcie „Edukacja w ruchu”, w codziennej pracy korzystamy z materiałów dostępnych na stronie Akademii Krokieta i Lamy. Dzieci oraz nauczyciele są zaangażowani w różnorodne przedsięwzięcia związane ze sportem m.in. organizujemy Bieg Niepodległości w Parku Szczytnickim z okazji Święta Niepodległości 11 Listopada, </span><span style="color: #444444">podczas którego integrujemy się z pobliskimi przedszkolami. Organizujemy Niebieskie Igrzyska gdzie łączymy zabawy ruchowe z poczuciem wzajemnej akceptacji oraz tolerancji, z tej okazji zapraszamy dzieci ze Specjalnego Ośrodka Szkolno-Wychowawczego nr 10 do wspólnej zabawy. Wewnątrz przedszkola organizujemy takie imprezy portowe jak Move Week, Tydzień Sportu, bierzemy także udział w Rowerowym Maju. Przedszkole jest wyposażone w różnorodne pomoce niezbędne do prowadzenia atrakcyjnych i ciekawych zajęć sportowych. Posiadamy zestawy piłek </span><span style="color: #444444">miniEDU</span><span style="color: #444444">ball</span><span style="color: #444444">, które wykorzystujemy w codziennej pracy z dziećmi. Nasza nauczycielka Marlena Gumpert jest </span><span style="color: #444444">ambasadorem metody mini-EDUball dzięki czemu </span><span style="color: #444444">wspomniane narzędzie w postaci piłek jest produktywnie wykorzystywane w placówce.</span></span></p>
<p><span style="color: #444444;font-size: 12pt;font-family: georgia, palatino">Przy przedszkolu znajduje się plac zabaw, wyposażony w kolorowy sprzęt do zabaw ruchowych.</span></p>
<p><span style="color: #444444;font-size: 12pt;font-family: georgia, palatino">W toku codziennej pracy realizujemy dwa program autorskie stworzone przez nasze nauczycielki:</span></p>
<p><span style="color: #444444;font-size: 12pt;font-family: georgia, palatino">&#8211; „Ekologia dla Leśnych Ludków”</span></p>
<p><span style="color: #444444;font-size: 12pt;font-family: georgia, palatino">„W zdrowym ciele zdrowy zuch”.</span></p>
<p><span style="font-size: 12pt;font-family: georgia, palatino">W 2025 r. nasze przedszkole otrzymało Znak Jakości w I edycji konkursu rankingowego &#8222;Bezpieczne przedszkole &#8211; przyjazne miejsce&#8221; 2025</span></p>
<p><span style="color: #444444;font-size: 12pt;font-family: georgia, palatino">Nasze przedszkole zatrudnia specjalistów takich jak logopeda, psycholog, pedagog specjalny, którzy obserwują dzieci podczas zajęć, prowadzą zajęcia indywidualne oraz grupowe, służą zawsze pomocą oraz radą zarówno nauczycielom jak i rodzicom.</span></p>
<p><span style="font-family: georgia, palatino"><strong>Dyrektor Przedszkola nr 47 &#8222;Leśny Ludek&#8221;  </strong></span></p>
<p><span style="font-family: georgia, palatino"><u>mgr Jowita Maziarz</u></span>[/vc_column_text][/vc_column][vc_column width=&#8221;1/2&#8243;][vc_images_carousel images=&#8221;49,48&#8243; img_size=&#8221;600&#215;600&#8243;][vc_column_text css_animation=&#8221;none&#8221; css=&#8221;&#8221;]</p>
<h3><strong><u>Kadra pedagogiczna Przedszkola nr 47 &#8222;Leśny Ludek&#8221;</u></strong></h3>
<ul>
<li><strong><u>mgr Paulina Ochnik &#8211; Kisiel</u><u> </u> &#8211; nauczyciel wychowania przedszkolnego</strong></li>
<li><strong><u>Irena Jakimowicz </u>&#8211; nauczyciel wychowania przedszkolnego </strong></li>
<li><strong><u>Beata Szczepaniak</u> &#8211; nauczyciel wychowania przedszkolnego</strong></li>
<li><strong><u>mgr Marlena Gumpert</u> &#8211; nauczyciel wychowania przedszkolnego</strong></li>
<li><span style="text-decoration: underline"><strong>Karina Kacprzak &#8211; </strong></span><strong>nauczyciel wychowania przedszkolnego</strong></li>
<li><span style="text-decoration: underline"><strong>lic. Patrycja Lechwar Sypień &#8211; </strong></span><strong>nauczyciel wychowania przedszkolnego</strong></li>
<li><strong><span style="text-decoration: underline">mgr Monika Pacholczyk</span> &#8211; nauczyciel wychowania przedszkolnego</strong></li>
<li><strong><span style="text-decoration: underline">mgr Patrycja Niedźwiecka</span> &#8211; logopeda<br />
</strong></li>
<li><strong><span style="text-decoration: underline">mgr Gabriela Wojnarowska</span> &#8211; psycholog</strong></li>
<li><strong><span style="text-decoration: underline">mgr Katarzyna Matysiak</span> &#8211; pedagog specjalny</strong></li>
</ul>
<p>[/vc_column_text][/vc_column][/vc_row][vc_row][vc_column][vc_column_text css_animation=&#8221;none&#8221;]</p>
<h2><strong><em>Nasze Przedszkole zapewnia każdemu dziecku </em></strong><strong><em>podmiotowe i indywidualne traktowanie, </em></strong><strong><em>bezpieczny, radosny i wielostronny rozwój. </em></strong></h2>
<h2><strong><em>Nasze przedszkole daje dzieciom szansę </em></strong><strong><em>poznania i wyrażania siebie </em></strong><strong><em>poprzez okazje twórczego działania </em></strong><strong><em>i rozwijania własnych możliwości .</em></strong></h2>
<p>[/vc_column_text][/vc_column][/vc_row]</p>
</div>

<p>[vc_row][vc_column width=&#8221;1/2&#8243;][vc_column_text css_animation=&#8221;none&#8221;] „Małe Przedszkole dużych szans na sukces każdego Przedszkolaka” [/vc_column_text][vc_column_text css_animation=&#8221;none&#8221; css=&#8221;&#8221;]Przedszkole nr 47 &#8222;Leśny Ludek&#8221; znajduje się w wolnostojącym, dwupiętrowym budynku willowym w dzielnicy Śródmieście, osiedle Zalesie &#8211; Zacisze [&hellip;]</p>
