
{"id":655,"date":"2021-02-03T08:27:25","date_gmt":"2021-02-03T07:27:25","guid":{"rendered":"https:\/\/przedszkole47.edu.wroclaw.pl\/?page_id=655"},"modified":"2026-01-29T14:46:23","modified_gmt":"2026-01-29T13:46:23","slug":"rekrutacja","status":"publish","type":"page","link":"https:\/\/przedszkole47.edu.wroclaw.pl\/index.php\/rekrutacja\/","title":{"rendered":"Rekrutacja"},"content":{"rendered":"<div class=\"wpb-content-wrapper\"><p>[vc_row][vc_column][vc_column_text css=&#8221;&#8221;]<span style=\"font-family: verdana, geneva;font-size: 14pt\"><strong>Szanowni Rodzice\/Prawni Opiekunowie <\/strong><\/span><span style=\"font-size: 14pt\"><strong><span style=\"font-family: verdana, geneva\">poni\u017cej przedstawiamy najwa\u017cniejsze informacje dotycz\u0105ce rekrutacji 2026\/2027<\/span><\/strong><\/span><\/p>\n<p><a href=\"https:\/\/przedszkole47.edu.wroclaw.pl\/wp-content\/uploads\/sites\/45\/2026\/01\/BIULETYN-INFORMACYJNY.pdf\">1.Biuletyn informacyjny<\/a><\/p>\n<p><a href=\"https:\/\/przedszkole47.edu.wroclaw.pl\/wp-content\/uploads\/sites\/45\/2026\/01\/DOCHOD.docx\">2. Doch\u00f3d<\/a><\/p>\n<p><a href=\"https:\/\/przedszkole47.edu.wroclaw.pl\/wp-content\/uploads\/sites\/45\/2026\/01\/DZIECI-O-SPECJALNYCH-POTRZEBACH.docx\">3. Dzieci o specjalnych potrzebach<\/a><\/p>\n<p><a href=\"https:\/\/przedszkole47.edu.wroclaw.pl\/wp-content\/uploads\/sites\/45\/2026\/01\/HARMONOGRAM-DLA-RODZICOW-ETAP-PODSTAWOWY.docx\">4. Harmonogram<\/a><\/p>\n<p><a href=\"https:\/\/przedszkole47.edu.wroclaw.pl\/wp-content\/uploads\/sites\/45\/2026\/01\/INFORMACJE-OGOLNE.docx\">5. Informacje og\u00f3lne<\/a><\/p>\n<p><a href=\"https:\/\/przedszkole47.edu.wroclaw.pl\/wp-content\/uploads\/sites\/45\/2026\/01\/KOMUNIKAT.docx\">6. Komunikat<\/a><\/p>\n<p><a href=\"https:\/\/przedszkole47.edu.wroclaw.pl\/wp-content\/uploads\/sites\/45\/2026\/01\/KRYTERIA-.docx\">7. Kryteria<\/a><\/p>\n<p><a href=\"https:\/\/przedszkole47.edu.wroclaw.pl\/wp-content\/uploads\/sites\/45\/2026\/01\/ODWOLANIA.docx\">8. Odwo\u0142ania<\/a><\/p>\n<p><a href=\"https:\/\/przedszkole47.edu.wroclaw.pl\/wp-content\/uploads\/sites\/45\/2026\/01\/PODSTAWY-PRAWNE.docx\">9. Podstawy Prawne<\/a><\/p>\n<p><a href=\"https:\/\/przedszkole47.edu.wroclaw.pl\/wp-content\/uploads\/sites\/45\/2026\/01\/SAMOTNE-WYCHOWANIE.docx\">10. Samotne wychowanie<\/a><\/p>\n<p><a href=\"https:\/\/przedszkole47.edu.wroclaw.pl\/wp-content\/uploads\/sites\/45\/2026\/01\/WSPARCIE-TECHNICZNE.docx\">11. Wsparcie techniczne<\/a>[\/vc_column_text][vc_column_text][\/vc_column_text][\/vc_column][\/vc_row][vc_row][vc_column][\/vc_column][\/vc_row][vc_row][vc_column][\/vc_column][\/vc_row][vc_row][vc_column][\/vc_column][\/vc_row][vc_row][vc_column][\/vc_column][\/vc_row][vc_row][vc_column][\/vc_column][\/vc_row][vc_row][vc_column][\/vc_column][\/vc_row][vc_row][vc_column][\/vc_column][\/vc_row]<\/p>\n<\/div>","protected":false},"excerpt":{"rendered":"<p>[vc_row][vc_column][vc_column_text css=&#8221;&#8221;]Szanowni Rodzice\/Prawni Opiekunowie poni\u017cej przedstawiamy najwa\u017cniejsze informacje dotycz\u0105ce rekrutacji 2026\/2027 1.Biuletyn informacyjny 2. Doch\u00f3d 3. Dzieci o specjalnych potrzebach 4. Harmonogram 5. Informacje og\u00f3lne 6. Komunikat 7. Kryteria 8. [&hellip;]<\/p>\n","protected":false},"author":72,"featured_media":0,"parent":0,"menu_order":0,"comment_status":"closed","ping_status":"closed","template":"","meta":{"ngg_post_thumbnail":0,"footnotes":""},"class_list":["post-655","page","type-page","status-publish","hentry","clearfix"],"_links":{"self":[{"href":"https:\/\/przedszkole47.edu.wroclaw.pl\/index.php\/wp-json\/wp\/v2\/pages\/655","targetHints":{"allow":["GET"]}}],"collection":[{"href":"https:\/\/przedszkole47.edu.wroclaw.pl\/index.php\/wp-json\/wp\/v2\/pages"}],"about":[{"href":"https:\/\/przedszkole47.edu.wroclaw.pl\/index.php\/wp-json\/wp\/v2\/types\/page"}],"author":[{"embeddable":true,"href":"https:\/\/przedszkole47.edu.wroclaw.pl\/index.php\/wp-json\/wp\/v2\/users\/72"}],"replies":[{"embeddable":true,"href":"https:\/\/przedszkole47.edu.wroclaw.pl\/index.php\/wp-json\/wp\/v2\/comments?post=655"}],"version-history":[{"count":55,"href":"https:\/\/przedszkole47.edu.wroclaw.pl\/index.php\/wp-json\/wp\/v2\/pages\/655\/revisions"}],"predecessor-version":[{"id":16280,"href":"https:\/\/przedszkole47.edu.wroclaw.pl\/index.php\/wp-json\/wp\/v2\/pages\/655\/revisions\/16280"}],"wp:attachment":[{"href":"https:\/\/przedszkole47.edu.wroclaw.pl\/index.php\/wp-json\/wp\/v2\/media?parent=655"}],"curies":[{"name":"wp","href":"https:\/\/api.w.org\/{rel}","templated":true}]}}

<div class="wpb-content-wrapper"><p>[vc_row][vc_column][vc_column_text css=&#8221;&#8221;]<span style="font-family: verdana, geneva;font-size: 14pt"><strong>Szanowni Rodzice/Prawni Opiekunowie </strong></span><span style="font-size: 14pt"><strong><span style="font-family: verdana, geneva">poniżej przedstawiamy najważniejsze informacje dotyczące rekrutacji 2026/2027</span></strong></span></p>
<p><a href="https://przedszkole47.edu.wroclaw.pl/wp-content/uploads/sites/45/2026/01/BIULETYN-INFORMACYJNY.pdf">1.Biuletyn informacyjny</a></p>
<p><a href="https://przedszkole47.edu.wroclaw.pl/wp-content/uploads/sites/45/2026/01/DOCHOD.docx">2. Dochód</a></p>
<p><a href="https://przedszkole47.edu.wroclaw.pl/wp-content/uploads/sites/45/2026/01/DZIECI-O-SPECJALNYCH-POTRZEBACH.docx">3. Dzieci o specjalnych potrzebach</a></p>
<p><a href="https://przedszkole47.edu.wroclaw.pl/wp-content/uploads/sites/45/2026/01/HARMONOGRAM-DLA-RODZICOW-ETAP-PODSTAWOWY.docx">4. Harmonogram</a></p>
<p><a href="https://przedszkole47.edu.wroclaw.pl/wp-content/uploads/sites/45/2026/01/INFORMACJE-OGOLNE.docx">5. Informacje ogólne</a></p>
<p><a href="https://przedszkole47.edu.wroclaw.pl/wp-content/uploads/sites/45/2026/01/KOMUNIKAT.docx">6. Komunikat</a></p>
<p><a href="https://przedszkole47.edu.wroclaw.pl/wp-content/uploads/sites/45/2026/01/KRYTERIA-.docx">7. Kryteria</a></p>
<p><a href="https://przedszkole47.edu.wroclaw.pl/wp-content/uploads/sites/45/2026/01/ODWOLANIA.docx">8. Odwołania</a></p>
<p><a href="https://przedszkole47.edu.wroclaw.pl/wp-content/uploads/sites/45/2026/01/PODSTAWY-PRAWNE.docx">9. Podstawy Prawne</a></p>
<p><a href="https://przedszkole47.edu.wroclaw.pl/wp-content/uploads/sites/45/2026/01/SAMOTNE-WYCHOWANIE.docx">10. Samotne wychowanie</a></p>
<p><a href="https://przedszkole47.edu.wroclaw.pl/wp-content/uploads/sites/45/2026/01/WSPARCIE-TECHNICZNE.docx">11. Wsparcie techniczne</a>[/vc_column_text][vc_column_text][/vc_column_text][/vc_column][/vc_row][vc_row][vc_column][/vc_column][/vc_row][vc_row][vc_column][/vc_column][/vc_row][vc_row][vc_column][/vc_column][/vc_row][vc_row][vc_column][/vc_column][/vc_row][vc_row][vc_column][/vc_column][/vc_row][vc_row][vc_column][/vc_column][/vc_row][vc_row][vc_column][/vc_column][/vc_row]</p>
</div>

<p>[vc_row][vc_column][vc_column_text css=&#8221;&#8221;]Szanowni Rodzice/Prawni Opiekunowie poniżej przedstawiamy najważniejsze informacje dotyczące rekrutacji 2026/2027 1.Biuletyn informacyjny 2. Dochód 3. Dzieci o specjalnych potrzebach 4. Harmonogram 5. Informacje ogólne 6. Komunikat 7. Kryteria 8. [&hellip;]</p>
