
{"id":666,"date":"2021-02-08T09:22:07","date_gmt":"2021-02-08T08:22:07","guid":{"rendered":"https:\/\/przedszkole47.edu.wroclaw.pl\/?page_id=666"},"modified":"2026-01-19T22:20:57","modified_gmt":"2026-01-19T21:20:57","slug":"projekty-akcje-charytatywne-programy","status":"publish","type":"page","link":"https:\/\/przedszkole47.edu.wroclaw.pl\/index.php\/dla-rodzicow\/projekty-akcje-charytatywne-programy\/","title":{"rendered":"Projekty, akcje charytatywne, programy"},"content":{"rendered":"<div class=\"wpb-content-wrapper\"><p>[vc_row][vc_column][vc_gallery type=&#8221;image_grid&#8221; images=&#8221;16216&#8243; css=&#8221;&#8221; title=&#8221;Edukacja w ruchu &#8211; \u201eEdukacja w ruchu\u201d to innowacyjny projekt stworzony z my\u015bl\u0105 o nauczycielach przedszkoli oraz klas 1\u20133 szko\u0142y podstawowej, kt\u00f3ry pokazuje, jak w prosty i atrakcyjny spos\u00f3b \u0142\u0105czy\u0107 nauk\u0119 z ruchem. W ramach inicjatywy nauczyciele otrzymuj\u0105 gotowe materia\u0142y edukacyjne \u2013 scenariusze zabaw, filmy oraz pomoce dydaktyczne, wspieraj\u0105ce nauk\u0119 poprzez aktywno\u015b\u0107 fizyczn\u0105. Co miesi\u0105c uczestnicy projektu podejmuj\u0105 nowe tematyczne wyzwania, kt\u00f3re wprowadzaj\u0105 do zaj\u0119\u0107, elementy grywalizacji, zabawy i wsp\u00f3lnego odkrywania. Dzi\u0119ki temu dzieci anga\u017cuj\u0105 si\u0119 w lekcje z wi\u0119kszym entuzjazmem, a zdobywanie wiedzy staje si\u0119 dla nich naturalnym i przyjemnym do\u015bwiadczeniem. &#8222;][vc_column_text css=&#8221;&#8221;]<strong><span style=\"font-size: 18pt\"><img loading=\"lazy\" decoding=\"async\" class=\"alignnone size-medium wp-image-11941\" src=\"https:\/\/przedszkole47.edu.wroclaw.pl\/wp-content\/uploads\/sites\/45\/2025\/01\/zdrowa-misja-300x150.png\" alt=\"\" width=\"300\" height=\"150\" srcset=\"https:\/\/przedszkole47.edu.wroclaw.pl\/wp-content\/uploads\/sites\/45\/2025\/01\/zdrowa-misja-300x150.png 300w, https:\/\/przedszkole47.edu.wroclaw.pl\/wp-content\/uploads\/sites\/45\/2025\/01\/zdrowa-misja.png 600w\" sizes=\"auto, (max-width: 300px) 100vw, 300px\" \/><\/span><\/strong><\/p>\n<p><strong><span style=\"font-size: 18pt\">Projekt edukacyjny &#8222;Zdrowa Misja. Kreatywna edukacja \u017cywieniowa w przedszkolach i szko\u0142ach&#8221;.<\/span><\/strong><\/p>\n<p><strong><span style=\"font-size: 18pt\">Celem programu jest promocja zdrowego stylu \u017cycia w\u015br\u00f3d dzieci i m\u0142odzie\u017cy oraz przeciwdzia\u0142anie zagro\u017ceniom zdrowotnym spowodowanym nieodpowiedni\u0105 diet\u0105 oraz\u00a0 brakiem ruchu. W ramach projektu w przedszkolu odb\u0119d\u0105 si\u0119 warsztaty edukacyjno-kulinarne<\/span><\/strong>[\/vc_column_text][vc_column_text css=&#8221;&#8221;]<strong><span style=\"font-size: 18pt;color: #339966\"><img loading=\"lazy\" decoding=\"async\" class=\"alignnone size-medium wp-image-11943\" src=\"https:\/\/przedszkole47.edu.wroclaw.pl\/wp-content\/uploads\/sites\/45\/2025\/01\/european-solidarity-corps-pl-300x144.png\" alt=\"\" width=\"300\" height=\"144\" srcset=\"https:\/\/przedszkole47.edu.wroclaw.pl\/wp-content\/uploads\/sites\/45\/2025\/01\/european-solidarity-corps-pl-300x144.png 300w, https:\/\/przedszkole47.edu.wroclaw.pl\/wp-content\/uploads\/sites\/45\/2025\/01\/european-solidarity-corps-pl.png 475w\" sizes=\"auto, (max-width: 300px) 100vw, 300px\" \/><\/span><\/strong><\/p>\n<p><strong><span style=\"font-size: 18pt;color: #339966\">Europejski Korpus Solidarno\u015bci<\/span><\/strong><\/p>\n<p><span style=\"font-size: 14pt\">Europejski Korpus Solidarno\u015bci (EKS) to program dla m\u0142odych ludzi i organizacji chc\u0105cych wzi\u0105\u0107 udzia\u0142 w dzia\u0142aniach solidarno\u015bciowych. Program ten daje m\u0142odym ludziom mo\u017cliwo\u015b\u0107 zaanga\u017cowania si\u0119 i zdobycia bezcennego do\u015bwiadczenia oraz rozwini\u0119cia nowych umiej\u0119tno\u015bci.<\/span><\/p>\n<p><span style=\"font-size: 14pt\">Od 2018 roku projekt realizowany jest w naszym Przedszkolu we wsp\u00f3\u0142pracy z Fundacj\u0105 Integracji Spo\u0142ecznej Prom z Wroc\u0142awia. Zaanga\u017cowanie wolontariuszy w codzienn\u0105 prac\u0119 plac\u00f3wki daje nam mo\u017cliwo\u015b\u0107 uczenia si\u0119 od siebie poprzez wymian\u0119 do\u015bwiadcze\u0144 i wsp\u00f3lnego dzia\u0142ania dla dobra lokalnej spo\u0142eczno\u015bci. Obecno\u015b\u0107 wolontariuszy to doskona\u0142a okazja do poszerzenia wiedzy o \u015bwiecie, poznania r\u00f3\u017cnorodno\u015bci i zale\u017cno\u015bci. Poprzez kontakt dzieci z obcokrajowcami chcemy uwra\u017cliwi\u0107 naszych wychowank\u00f3w na tolerancj\u0119 w stosunku do ludzi innej narodowo\u015bci i kultury, by w przysz\u0142o\u015bci zapobiec postawom dyskryminacji i ksenofobii na tle kulturowym. W za\u0142o\u017ceniach zwi\u0105zanych z aktywizowaniem wolontariuszy chcemy wspom\u00f3c dzieci, rodzic\u00f3w, kadr\u0119 przedszkola a tak\u017ce samych wolontariuszy w pokonywaniu barier j\u0119zykowych i komunikacyjnych.<\/span>[\/vc_column_text][vc_column_text]<span style=\"font-size: 18pt;color: #339966\"><strong>Program Mamo, tato, wol\u0119 wod\u0119<\/strong><\/span><\/p>\n<p><img loading=\"lazy\" decoding=\"async\" class=\"alignnone wp-image-1421\" src=\"https:\/\/przedszkole47.edu.wroclaw.pl\/wp-content\/uploads\/sites\/45\/2021\/10\/MamoTatowolewode-kampania655.png\" alt=\"\" width=\"325\" height=\"124\" srcset=\"https:\/\/przedszkole47.edu.wroclaw.pl\/wp-content\/uploads\/sites\/45\/2021\/10\/MamoTatowolewode-kampania655.png 655w, https:\/\/przedszkole47.edu.wroclaw.pl\/wp-content\/uploads\/sites\/45\/2021\/10\/MamoTatowolewode-kampania655-300x115.png 300w, https:\/\/przedszkole47.edu.wroclaw.pl\/wp-content\/uploads\/sites\/45\/2021\/10\/MamoTatowolewode-kampania655-600x230.png 600w\" sizes=\"auto, (max-width: 325px) 100vw, 325px\" \/><\/p>\n<p><span style=\"font-size: 14pt\">Jego nadrz\u0119dnym celem jest wykszta\u0142cenie u dzieci prawid\u0142owych nawyk\u00f3w \u017cywieniowych ze szczeg\u00f3lnym podkre\u015bleniem roli wody w codziennym \u017cyciu.<\/span>[\/vc_column_text][vc_basic_grid post_type=&#8221;post&#8221; max_items=&#8221;-1&#8243; style=&#8221;load-more&#8221; items_per_page=&#8221;6&#8243; btn_title=&#8221;Zobacz wi\u0119cej&#8221; grid_id=&#8221;vc_gid:1768857316901-869cda60-51ff-5&#8243; taxonomies=&#8221;4&#8243;][\/vc_column][\/vc_row][vc_row][vc_column][vc_column_text]<span style=\"font-size: 18pt;color: #339966\"><strong>Projekt edukacyjny &#8222;Z kultur\u0105 mi do twarzy&#8221;<\/strong><\/span><\/p>\n<p><img loading=\"lazy\" decoding=\"async\" class=\"alignnone size-full wp-image-1423\" src=\"https:\/\/przedszkole47.edu.wroclaw.pl\/wp-content\/uploads\/sites\/45\/2021\/10\/unnamed.png\" alt=\"\" width=\"287\" height=\"281\" \/><\/p>\n<p><span style=\"font-size: 14pt\">G\u0142\u00f3wnym celem projektu jest wprowadzenie dzieci w \u015bwiat warto\u015bci oraz promowanie kultury w szerokim zakresie. Projekt jest zgodny z polityk\u0105 o\u015bwiatow\u0105 pa\u0144stwa w roku przedszkolnym 2021\/2022.<\/span>[\/vc_column_text][\/vc_column][\/vc_row][vc_row][vc_column][vc_column_text css=&#8221;&#8221;]<\/p>\n<div><span style=\"font-size: 18pt;color: #008000\"><strong><img loading=\"lazy\" decoding=\"async\" class=\"alignnone size-medium wp-image-11945\" src=\"https:\/\/przedszkole47.edu.wroclaw.pl\/wp-content\/uploads\/sites\/45\/2025\/01\/koncepcja-dnia-matki-ziemi_29937-7654-300x300.jpg\" alt=\"\" width=\"300\" height=\"300\" \/><\/strong><\/span><\/div>\n<div><span style=\"font-size: 18pt;color: #008000\"><strong>Program ekologiczny &#8222;Ekologia dla Le\u015bnych Ludk\u00f3w&#8221;<\/strong><\/span><\/div>\n<div><\/div>\n<div><\/div>\n<div><span style=\"font-size: 14pt\">Zaproponowana w programie tematyka ma na celu rozwijania u dzieci \u015bwiadomo\u015bci ekologicznej.\u00a0 G\u0142\u00f3wnym celem programu jest kszta\u0142towanie u dzieci mi\u0142o\u015bci do przyrody, rozwijanie zainteresowa\u0144 i uzdolnie\u0144 dzieci poprzez bezpo\u015bredni kontakt z przyrod\u0105 oraz ukazanie potrzeby jej ochrony. Dzieci w trakcie dzia\u0142a\u0144 ekologicznych dowiedz\u0105 si\u0119 jak wa\u017cne jest dbanie o \u015brodowisko oraz segregacja odpad\u00f3w. Poznaj\u0105 tak\u017ce znaczenie recyklingu dla \u015brodowiska. W czasie zaj\u0119\u0107 naucz\u0105 si\u0119 segregowa\u0107 odpady do specjalnie przeznaczonych pojemnik\u00f3w do selektywnej zbi\u00f3rki odpad\u00f3w komunalnych.<\/span><\/div>\n<p>[\/vc_column_text][\/vc_column][\/vc_row][vc_row][vc_column][vc_column_text]<span style=\"font-size: 18pt;color: #008000\"><strong>Program zdrowotny &#8222;W zdrowym ciele zdrowy zuch&#8221;<\/strong><\/span><\/p>\n<p><img loading=\"lazy\" decoding=\"async\" class=\"alignnone wp-image-712\" src=\"https:\/\/przedszkole47.edu.wroclaw.pl\/wp-content\/uploads\/sites\/45\/2021\/03\/zdrowe_odzywianie_jak_zaczac_zasady_dieta_170518.jpg\" alt=\"\" width=\"298\" height=\"259\" \/><\/p>\n<p><span style=\"font-size: 14pt\">Celem programu jest kszta\u0142towanie umiej\u0119tno\u015bci i postaw prozdrowotnych zwi\u0105zanych z racjonalnym od\u017cywianiem si\u0119 oraz prawid\u0142owych nawyk\u00f3w \u017cywieniowych. Dzia\u0142ania obj\u0119te programem maj\u0105 r\u00f3wnie\u017c \u00a0za zadanie zach\u0119ca\u0107 dzieci do aktywno\u015bci fizycznej jako \u017ar\u00f3d\u0142a zdrowia oraz rado\u015bci. Dzieci wyrabiaj\u0105 w sobie tak\u017ce w\u0142a\u015bciwe nawyki higieniczne. W czasie realizacji programu przewidziana jest wsp\u00f3\u0142praca ze specjalistami (mp. stomatolog, dietetyk) w celu wspierania profilaktyki zdrowotnej. G\u0142\u00f3wnym dzia\u0142aniem cyklicznym s\u0105 cotygodniowe &#8222;Witaminowe Pi\u0105tki&#8221;, podczas kt\u00f3rych dzieci spo\u017cywaj\u0105 przyniesione przez siebie warzywa i owoce.<\/span>[\/vc_column_text][\/vc_column][\/vc_row][vc_row][vc_column][vc_column_text]<span style=\"font-size: 18pt\"><strong><span style=\"color: #008000\">Zdrowo i Sportowo<\/span><\/strong><\/span><\/p>\n<p><img loading=\"lazy\" decoding=\"async\" class=\"alignnone size-full wp-image-857\" src=\"https:\/\/przedszkole47.edu.wroclaw.pl\/wp-content\/uploads\/sites\/45\/2021\/05\/zdrowo.jpg\" alt=\"\" width=\"378\" height=\"133\" srcset=\"https:\/\/przedszkole47.edu.wroclaw.pl\/wp-content\/uploads\/sites\/45\/2021\/05\/zdrowo.jpg 378w, https:\/\/przedszkole47.edu.wroclaw.pl\/wp-content\/uploads\/sites\/45\/2021\/05\/zdrowo-300x106.jpg 300w\" sizes=\"auto, (max-width: 378px) 100vw, 378px\" \/><\/p>\n<p><span style=\"font-size: 14pt\"><strong>Zdrowo i Sportowo<\/strong> to akcja skierowana do <strong>przedszkoli oraz szk\u00f3\u0142 podstawowych<\/strong>. Jej g\u0142\u00f3wnym celem jest <strong>aktywizacja ruchowa dzieci<\/strong> do 10 roku \u017cycia. Chcemy pokaza\u0107 dzieciom jak fajne jest uprawianie sportu, czy te\u017c og\u00f3lnie aktywno\u015b\u0107 ruchow\u0105. Ile przynosi to rado\u015bci, jak wp\u0142ywa na sprawno\u015b\u0107, samopoczucie, buduje relacje z innymi cz\u0142onkami grupy. S\u0142u\u017c\u0105 temu <strong>zaj\u0119cia sportowe<\/strong>, kt\u00f3re przeprowadzane s\u0105 w zg\u0142oszonych do projektu plac\u00f3wkach, na podstawie przygotowanych przez organizator\u00f3w materia\u0142\u00f3w.<\/span>[\/vc_column_text][\/vc_column][\/vc_row][vc_row][vc_column][\/vc_column][\/vc_row][vc_row][vc_column][vc_column_text]<\/p>\n<p align=\"justify\"><span style=\"color: #008000\"><strong><span style=\"font-size: 18pt\">POMOC dla SCHRONISKA DLA ZWIERZ\u0104T<\/span><\/strong><\/span><\/p>\n<p align=\"justify\"><img loading=\"lazy\" decoding=\"async\" class=\"alignnone size-full wp-image-722\" src=\"https:\/\/przedszkole47.edu.wroclaw.pl\/wp-content\/uploads\/sites\/45\/2021\/03\/lapa.jpg\" alt=\"\" width=\"160\" height=\"160\" srcset=\"https:\/\/przedszkole47.edu.wroclaw.pl\/wp-content\/uploads\/sites\/45\/2021\/03\/lapa.jpg 160w, https:\/\/przedszkole47.edu.wroclaw.pl\/wp-content\/uploads\/sites\/45\/2021\/03\/lapa-150x150.jpg 150w\" sizes=\"auto, (max-width: 160px) 100vw, 160px\" \/><\/p>\n<p align=\"justify\"><span style=\"font-size: 14pt\">W grudniu 2020 r. w ramach og\u00f3lnopolskiego projektu \u201eId\u017a ty lepiej Kozio\u0142eczku, szuka\u0107 swego Pacanowa\u201d nasze przedszkole w\u0142\u0105czy\u0142o si\u0119 do akcji pomocy schroniskom dla zwierz\u0105t i zorganizowa\u0142o zbi\u00f3rk\u0119 karmy suchej i mokrej oraz \u015brodk\u00f3w czysto\u015bci dla podwroc\u0142awskiej Fundacji Pomocy Zwierz\u0119tom \u201eMatuzalki\u201d.<\/span><\/p>\n<p>[\/vc_column_text][\/vc_column][\/vc_row][vc_row][vc_column][\/vc_column][\/vc_row][vc_row][vc_column][\/vc_column][\/vc_row]<\/p>\n<\/div>","protected":false},"excerpt":{"rendered":"<p>[vc_row][vc_column][vc_gallery type=&#8221;image_grid&#8221; images=&#8221;16216&#8243; css=&#8221;&#8221; title=&#8221;Edukacja w ruchu &#8211; \u201eEdukacja w ruchu\u201d to innowacyjny projekt stworzony z my\u015bl\u0105 o nauczycielach przedszkoli oraz klas 1\u20133 szko\u0142y podstawowej, kt\u00f3ry pokazuje, jak w prosty [&hellip;]<\/p>\n","protected":false},"author":72,"featured_media":0,"parent":19,"menu_order":0,"comment_status":"closed","ping_status":"closed","template":"","meta":{"ngg_post_thumbnail":0,"footnotes":""},"class_list":["post-666","page","type-page","status-publish","hentry","clearfix"],"_links":{"self":[{"href":"https:\/\/przedszkole47.edu.wroclaw.pl\/index.php\/wp-json\/wp\/v2\/pages\/666","targetHints":{"allow":["GET"]}}],"collection":[{"href":"https:\/\/przedszkole47.edu.wroclaw.pl\/index.php\/wp-json\/wp\/v2\/pages"}],"about":[{"href":"https:\/\/przedszkole47.edu.wroclaw.pl\/index.php\/wp-json\/wp\/v2\/types\/page"}],"author":[{"embeddable":true,"href":"https:\/\/przedszkole47.edu.wroclaw.pl\/index.php\/wp-json\/wp\/v2\/users\/72"}],"replies":[{"embeddable":true,"href":"https:\/\/przedszkole47.edu.wroclaw.pl\/index.php\/wp-json\/wp\/v2\/comments?post=666"}],"version-history":[{"count":34,"href":"https:\/\/przedszkole47.edu.wroclaw.pl\/index.php\/wp-json\/wp\/v2\/pages\/666\/revisions"}],"predecessor-version":[{"id":16217,"href":"https:\/\/przedszkole47.edu.wroclaw.pl\/index.php\/wp-json\/wp\/v2\/pages\/666\/revisions\/16217"}],"up":[{"embeddable":true,"href":"https:\/\/przedszkole47.edu.wroclaw.pl\/index.php\/wp-json\/wp\/v2\/pages\/19"}],"wp:attachment":[{"href":"https:\/\/przedszkole47.edu.wroclaw.pl\/index.php\/wp-json\/wp\/v2\/media?parent=666"}],"curies":[{"name":"wp","href":"https:\/\/api.w.org\/{rel}","templated":true}]}}